ppose 3*r = -15, 2*q = -4*r + 7*r + 43. Let h be ((-3)/(-2))/(1/q). Suppose 3*y + 35 = 5*m - 0*m, 3*m + y - h = 0. What is the units digit of m?
7
Suppose -u = -0*u + 6. What is the units digit of (19/(-4))/(u/24)?
9
Suppose -4*o - m + 172 = -5*m, -4*o + 169 = -5*m. Suppose 0 = 4*v + 6 - o. What is the tens digit of v?
1
Suppose 0 = 2*f + 3*f. Suppose -2*u = -5*x + 3, 2*u - u + 3*x - 26 = f. What is the tens digit of u?
1
Let b = 47 - 31. What is the units digit of b?
6
Suppose 0 = -0*z + 2*z - 4. Suppose 3*p + 10 + 9 = o, -5*o + 44 = z*p. What is the units digit of o?
0
Let t(j) = 3*j**2 + 19*j - 2. What is the tens digit of t(-10)?
0
Suppose -3*b + 5*v = 2*b - 70, -4*b = -2*v - 48. What is the tens digit of b?
1
Suppose -15 - 13 = -2*j. Suppose 0 = 2*l - 5*b - j, 2*l - 12 = l + 5*b. What is the units digit of l?
2
Suppose -3*p + 65 + 7 = 0. Suppose 3*m - 3*l = p, -8 = -4*m - l + 9. What is the units digit of m?
5
Let f = 90 - 59. What is the units digit of f?
1
What is the units digit of (-290)/(-9) - (-4)/(-18)?
2
Suppose 0 = -p + 9 - 41. Let t = p + 45. What is the tens digit of t?
1
Suppose x + 4*b = 82, x - 3*b - 2*b - 55 = 0. What is the tens digit of x?
7
What is the tens digit of (-1)/((-735)/(-185) + -4)?
3
Let j be ((-2)/3)/(11/(-33)). What is the tens digit of j - (-1 - 0 - 23)?
2
Let q(d) = -d + 6. Let n = 13 - -12. Suppose -2*r = 3*r + n. What is the units digit of q(r)?
1
Let p(s) = s**3 + 15*s**2 - 6*s - 16. What is the units digit of p(-15)?
4
Let h(x) = -x**3 + 7*x**2 + 8*x + 8. Let a be h(8). Suppose 4*s - 68 - a = 0. Suppose 8*r - s = 7*r. What is the units digit of r?
9
Suppose -36 = 5*o - 2*o. Let b be o/2*(2 + -1). What is the units digit of 1/(-6) - 73/b?
2
Let a(o) = -6*o + o**2 + 3 + 2*o + 2*o**2 - 1. What is the units digit of a(2)?
6
Let b = -238 - -133. What is the units digit of b/(-3) + -1 + 0?
4
Suppose 0 = -5*u - 0*u + 5. Let j(r) = -3*r**3 - r**2 + r - 1. Let b be j(u). What is the units digit of (-7)/(-2*(-2)/b)?
7
Let u(g) = 9*g + 13. Let n(f) be the first derivative of -19*f**2/2 - 27*f + 2. Let x(q) = -6*n(q) - 13*u(q). What is the tens digit of x(-6)?
1
Let g(p) = -3*p**3 - 3*p**2 + 2. Let b be g(-3). Suppose -53 = -i + 5*d - d, -i + b = -5*d. What is the units digit of i?
1
Let f be -1 + (-1 - 0/2). Suppose 5*o - 54 = 51. What is the units digit of ((-4)/6)/(f/o)?
7
Let u be 0 - 35 - (-3)/(-3). What is the units digit of (-8)/(-20) + u/(-10)?
4
Let o be 3*(-3)/((-18)/4). Suppose 0*z - z + 5 = 4*x, -o*x - 2*z = -10. Suppose -5*p + x*p + 20 = 0. What is the units digit of p?
4
Let w be ((-6)/8)/((-2)/8). Suppose n - 11 + 2 = 0. Let h = n - w. What is the units digit of h?
6
What is the tens digit of -127*((-4)/(-2) + -3 + 0)?
2
Suppose -3*p + 0 - 9 = 0. Let o be 10/p*(-6)/4. Suppose -2*y - f = -19, -48 = -o*y - 2*f - f. What is the units digit of y?
9
Suppose 0 = 4*f - 8, 5*f + 412 = -3*n + 1241. What is the units digit of n?
3
Suppose v - 54 = -3*w, 0 = -v + 5*w + 11 + 19. What is the units digit of v?
5
Let u = -35 - -66. What is the tens digit of u?
3
What is the tens digit of -16 + 14 - (-1 - 36)?
3
Let h(q) be the third derivative of 5/24*q**4 - 2*q**2 + 0 - 2/3*q**3 + 0*q + 1/60*q**5. What is the units digit of h(-6)?
2
Suppose 7 + 5 = 3*o. Suppose q - o*s - 20 = 0, 5*q - 43 = -0*q + s. Suppose h = q + 2. What is the units digit of h?
0
Let d(k) = k. Let j be d(3). Suppose -3*a - j*v = -3, -23 = -2*a - v + 6*v. Let r = 14 - a. What is the tens digit of r?
1
Let h = -36 + 50. What is the tens digit of h?
1
Let t = 120 - 85. What is the tens digit of t?
3
Suppose 851 - 208 = -3*c - 5*y, 3*y = -5*c - 1077. What is the tens digit of c/(-21) + 2/(-7)?
1
Suppose -2*l = 4*n - 7*n - 4, 2*n - 3*l - 4 = 0. Let i be ((-13)/(-4))/((-1)/n). What is the tens digit of i/(1/(-2 - -3))?
1
Let i = -50 + 22. What is the tens digit of (i/(-10))/(1/5)?
1
Suppose 3*g - 93 - 159 = 0. What is the tens digit of g?
8
What is the units digit of 8/(21/(-6) + 4)?
6
Suppose -5*h - f + 272 = 0, 32 - 308 = -5*h - 3*f. What is the units digit of h?
4
Suppose 4*k - 14 = 6, -z + 3*k = 12. Suppose -5*b + 17 = z*s + 3, 2*s = -3*b + 8. What is the units digit of b?
4
Let a be (-72)/8*(-1)/3. Suppose 0 = -a*s + 20 + 4. What is the units digit of s?
8
Suppose 5*h = 16 + 44. Let l = h - 8. What is the units digit of l?
4
Let k(y) = y**3 - y**2 + y + 1. Let o(h) = h**3 - 3*h**2 + h + 2. Let z be o(3). Suppose 5*l - 15 = z*t, 2*l + 0*t + 4*t = 0. What is the units digit of k(l)?
7
Let z = -1 + 1. Let x = z + 8. What is the units digit of ((-44)/(-6))/(x/12)?
1
Suppose 4*l + 34 = 5*z, 0*l = 5*l + 5. Suppose -4*h = -z*h + 132. Suppose -5*m + h = -19. What is the tens digit of m?
1
Let o(v) = -4*v - 1. Let a be o(-1). Suppose 4*p = 3*m - m - 8, -a*m + 5*p = -15. What is the units digit of m?
0
Suppose 3 = 5*n - 2. Let j(o) = 2*o + 0 + n + o**2 - 7*o**3 + 0. What is the units digit of j(-1)?
7
What is the tens digit of (-49)/5*(0 + -5)?
4
Suppose 5*o - 2*l - 14 = 0, 4*o + l - 4 = 2. Let t = -4 + 5. Suppose o*j - 1 = t. What is the units digit of j?
1
Let l(o) = -5*o**2 - 2*o. Let i(s) = -26*s**2 - 10*s - 1. Let c(q) = 2*i(q) - 11*l(q). Let f be -1*(0 - -5) + 2. What is the units digit of c(f)?
9
Let a(k) = 14*k**3 - 2*k**2 - 14*k - 8. Suppose 3*i = -0 - 9. Let g(s) = -5*s**3 + s**2 + 5*s + 3. Let u(c) = i*a(c) - 8*g(c). What is the units digit of u(-2)?
4
Let p(m) = m**2 - 6*m - 16. What is the tens digit of p(11)?
3
Let x be 11 + 1*-2*1. Let y(l) = -l**2 + 10*l + 10. Let v be y(x). Suppose -h - 8 = -4*a - v, -5*h - 4*a + 7 = 0. What is the units digit of h?
3
Suppose -22 = -2*m - 0*m. Suppose m = 2*i - 7. What is the units digit of i?
9
Suppose 5*x = k + 47, 2*x - x - 13 = 2*k. What is the units digit of x?
9
Suppose 0*y = 4*y + 144. Suppose 0 = -4*m + 3*w - 312, 0 = -0*m + 5*m - 5*w + 390. What is the units digit of m/(-8) - (-27)/y?
9
Suppose -s = 6 - 28. What is the units digit of s?
2
What is the units digit of (21 + -12)/((-2)/(-28))?
6
Let v(a) = a**2 + 2*a - 9. Let b be v(6). Let s = -64 + b. Let i = 41 + s. What is the units digit of i?
6
Suppose -3*a + 32 = -a + 5*o, -4*o = a - 16. What is the tens digit of a?
1
Let u be 1/2 + 23/2. Let o be 26/u + (-2)/12. Suppose -20 = -2*g - o*g. What is the units digit of g?
5
What is the units digit of (33 - 34) + 25*1?
4
Suppose -3*j - 2*r = -163 - 21, 0 = -4*j - r + 242. What is the units digit of j?
0
Let l be 130/(-6) + 2/3. Let y = l + 38. What is the units digit of y?
7
Let g(o) = 62*o**2 - 4*o + 1. What is the tens digit of g(1)?
5
Let y = 20 + 8. What is the tens digit of 61/4 + (-7)/y?
1
Let f(r) = 13*r**2 - 3*r - 1. What is the units digit of f(-2)?
7
Let f = -20 + 11. Suppose 13*a - 25 = 18*a. Let z = a - f. What is the units digit of z?
4
Let c = -28 - -39. What is the tens digit of c?
1
Let f = 5 + -3. Let r(v) = 0*v**3 + 1 + v**2 + 3*v**f - v**3. What is the units digit of r(4)?
1
Suppose 0 = -0*l - 3*l + 4*h - 131, 0 = l + 2*h + 57. Let m = l - -95. What is the tens digit of m?
4
Let b = -7 + 11. What is the units digit of 245/77 + b/(-22)?
3
Let l(i) = 6*i. Let r(c) = -5*c. Let y(o) = 4*l(o) + 5*r(o). What is the units digit of y(-3)?
3
Suppose -2*y + 5*s = 1, -y - 4*s + 6 = -0*s. Suppose -46 = -y*g - 18. What is the units digit of g?
4
Let k(x) = 0 - 6*x - 4*x + 0 - 1. What is the units digit of k(-1)?
9
Suppose -2 = 2*z, -1 = 2*a + z + 2*z. What is the units digit of a?
1
Suppose -2*h = 3*s - 6 - 16, 5*s = -3*h + 35. What is the units digit of h?
5
Let m be 24/(-18)*3/(-2). Let c(q) = -7*q**2 - 9*q + 5. Let r be c(-7). What is the units digit of m/3 - r/15?
9
Let w(t) = 68*t**3 + 2*t**2 - t. What is the units digit of w(1)?
9
Suppose -z + 3*y + 103 = 0, -4*y - 329 = -5*z + 2*z. What is the tens digit of z?
1
Let i(n) = 39*n + 2. What is the tens digit of i(1)?
4
Suppose -3 = 3*s - 5*c - 51, -2*c - 17 = -s. Suppose 17 - 21 = -2*k. Suppose -3*l + 21 - 1 = -4*m, -5*m - s = -k*l. What is the units digit of l?
8
Suppose 4*v - 70 = -v. Suppose -2*h + 6*h + v = 3*p, 0 = p + h. Suppose w + 1 = p*w. What is the units digit of w?
1
Let b(q) = 3*q. Let n be b(-2). Let x = 4 + n. What is the units digit of ((-4)/(-10))/(x/(-10))?
2
Let r = -34 - -42. What is the units digit of r?
8
Suppo